{"version":"1.0","provider_name":"Amnesty International","provider_url":"https:\/\/www.amnesty.org\/fr","title":"Royaume-Uni\/\u00c9tats-Unis. La lutte pour la libert\u00e9 de la presse se poursuit alors que Julian Assange conclut un accord avec les autorit\u00e9s am\u00e9ricaines","type":"rich","width":600,"height":338,"html":"<blockquote class=\"wp-embedded-content\" data-secret=\"QZMGE0d5B3\"><a href=\"https:\/\/www.amnesty.org\/fr\/latest\/news\/2024\/06\/media-freedom-continues-assange-plea-deal\/\">Royaume-Uni\/\u00c9tats-Unis. La lutte pour la libert\u00e9 de la presse se poursuit alors que Julian Assange conclut un accord avec les autorit\u00e9s am\u00e9ricaines<\/a><\/blockquote><iframe sandbox=\"allow-scripts\" security=\"restricted\" src=\"https:\/\/www.amnesty.org\/fr\/latest\/news\/2024\/06\/media-freedom-continues-assange-plea-deal\/embed\/#?secret=QZMGE0d5B3\" width=\"600\" height=\"338\" title=\"\u00ab\u00a0Royaume-Uni\/\u00c9tats-Unis. La lutte pour la libert\u00e9 de la presse se poursuit alors que Julian Assange conclut un accord avec les autorit\u00e9s am\u00e9ricaines\u00a0\u00bb &#8212; Amnesty International\" data-secret=\"QZMGE0d5B3\" frameborder=\"0\" marginwidth=\"0\" marginheight=\"0\" scrolling=\"no\" class=\"wp-embedded-content\"><\/iframe><script>\n\/*! This file is auto-generated *\/\n!function(d,l){\"use strict\";l.querySelector&&d.addEventListener&&\"undefined\"!=typeof URL&&(d.wp=d.wp||{},d.wp.receiveEmbedMessage||(d.wp.receiveEmbedMessage=function(e){var t=e.data;if((t||t.secret||t.message||t.value)&&!\/[^a-zA-Z0-9]\/.test(t.secret)){for(var s,r,n,a=l.querySelectorAll('iframe[data-secret=\"'+t.secret+'\"]'),o=l.querySelectorAll('blockquote[data-secret=\"'+t.secret+'\"]'),c=new RegExp(\"^https?:$\",\"i\"),i=0;i<o.length;i++)o[i].style.display=\"none\";for(i=0;i<a.length;i++)s=a[i],e.source===s.contentWindow&&(s.removeAttribute(\"style\"),\"height\"===t.message?(1e3<(r=parseInt(t.value,10))?r=1e3:~~r<200&&(r=200),s.height=r):\"link\"===t.message&&(r=new URL(s.getAttribute(\"src\")),n=new URL(t.value),c.test(n.protocol))&&n.host===r.host&&l.activeElement===s&&(d.top.location.href=t.value))}},d.addEventListener(\"message\",d.wp.receiveEmbedMessage,!1),l.addEventListener(\"DOMContentLoaded\",function(){for(var e,t,s=l.querySelectorAll(\"iframe.wp-embedded-content\"),r=0;r<s.length;r++)(t=(e=s[r]).getAttribute(\"data-secret\"))||(t=Math.random().toString(36).substring(2,12),e.src+=\"#?secret=\"+t,e.setAttribute(\"data-secret\",t)),e.contentWindow.postMessage({message:\"ready\",secret:t},\"*\")},!1)))}(window,document);\n<\/script>\n","thumbnail_url":"https:\/\/www.amnesty.org\/fr\/wp-content\/uploads\/2024\/06\/301010-3-600x254.jpg","thumbnail_width":600,"thumbnail_height":254,"description":"Nous saluons la bonne nouvelle de la lib\u00e9ration de Julian Assange d\u2019une prison britannique et de son retour en Australie, \u00e0 la faveur d\u2019un accord sur sa peine conclu avec les autorit\u00e9s am\u00e9ricaines. Les poursuites acharn\u00e9es intent\u00e9es par les \u00c9tats-Unis contre Julian Assange ont caus\u00e9 des torts \u00e9normes \u00e0 la libert\u00e9 des m\u00e9dias, soulignant la [&hellip;]"}

Royaume-Uni/États-Unis. La lutte pour la liberté de la presse se poursuit alors que Julian Assange conclut un accord avec les autorités américaines

<blockquote class="wp-embedded-content" data-secret="QZMGE0d5B3"><a href="https://www.amnesty.org/fr/latest/news/2024/06/media-freedom-continues-assange-plea-deal/">Royaume-Uni/États-Unis. La lutte pour la liberté de la presse se poursuit alors que Julian Assange conclut un accord avec les autorités américaines</a></blockquote><iframe sandbox="allow-scripts" security="restricted" src="https://www.amnesty.org/fr/latest/news/2024/06/media-freedom-continues-assange-plea-deal/embed/#?secret=QZMGE0d5B3" width="600" height="338" title="« Royaume-Uni/États-Unis. La lutte pour la liberté de la presse se poursuit alors que Julian Assange conclut un accord avec les autorités américaines » &#8212; Amnesty International" data-secret="QZMGE0d5B3" frameborder="0" marginwidth="0" marginheight="0" scrolling="no" class="wp-embedded-content"></iframe><script>
/*! This file is auto-generated */
!function(d,l){"use strict";l.querySelector&&d.addEventListener&&"undefined"!=typeof URL&&(d.wp=d.wp||{},d.wp.receiveEmbedMessage||(d.wp.receiveEmbedMessage=function(e){var t=e.data;if((t||t.secret||t.message||t.value)&&!/[^a-zA-Z0-9]/.test(t.secret)){for(var s,r,n,a=l.querySelectorAll('iframe[data-secret="'+t.secret+'"]'),o=l.querySelectorAll('blockquote[data-secret="'+t.secret+'"]'),c=new RegExp("^https?:$","i"),i=0;i<o.length;i++)o[i].style.display="none";for(i=0;i<a.length;i++)s=a[i],e.source===s.contentWindow&&(s.removeAttribute("style"),"height"===t.message?(1e3<(r=parseInt(t.value,10))?r=1e3:~~r<200&&(r=200),s.height=r):"link"===t.message&&(r=new URL(s.getAttribute("src")),n=new URL(t.value),c.test(n.protocol))&&n.host===r.host&&l.activeElement===s&&(d.top.location.href=t.value))}},d.addEventListener("message",d.wp.receiveEmbedMessage,!1),l.addEventListener("DOMContentLoaded",function(){for(var e,t,s=l.querySelectorAll("iframe.wp-embedded-content"),r=0;r<s.length;r++)(t=(e=s[r]).getAttribute("data-secret"))||(t=Math.random().toString(36).substring(2,12),e.src+="#?secret="+t,e.setAttribute("data-secret",t)),e.contentWindow.postMessage({message:"ready",secret:t},"*")},!1)))}(window,document);
</script>

Nous saluons la bonne nouvelle de la libération de Julian Assange d’une prison britannique et de son retour en Australie, à la faveur d’un accord sur sa peine conclu avec les autorités américaines. Les poursuites acharnées intentées par les États-Unis contre Julian Assange ont causé des torts énormes à la liberté des médias, soulignant la [&hellip;]
